{"version":"1.0","provider_name":"Facultad de Econom\u00eda UANL","provider_url":"https:\/\/economia.uanl.mx\/en\/","author_name":"Azul","author_url":"https:\/\/economia.uanl.mx\/en\/author\/azulfaeco\/","title":"FAECO presente en la Red Global de Egresados UANL - Facultad de Econom\u00eda UANL","type":"rich","width":600,"height":338,"html":"<blockquote class=\"wp-embedded-content\" data-secret=\"Wgd2tjiZQM\"><a href=\"https:\/\/economia.uanl.mx\/en\/noticias\/faecopresenteredglobalegresadosuanl\/\">FAECO presente en la Red Global de Egresados UANL<\/a><\/blockquote><iframe sandbox=\"allow-scripts\" security=\"restricted\" src=\"https:\/\/economia.uanl.mx\/en\/noticias\/faecopresenteredglobalegresadosuanl\/embed\/#?secret=Wgd2tjiZQM\" width=\"600\" height=\"338\" title=\"&#8220;FAECO presente en la Red Global de Egresados UANL&#8221; &#8212; Facultad de Econom\u00eda UANL\" data-secret=\"Wgd2tjiZQM\" frameborder=\"0\" marginwidth=\"0\" marginheight=\"0\" scrolling=\"no\" class=\"wp-embedded-content\"><\/iframe><script type=\"text\/javascript\">\n\/* <![CDATA[ *\/\n\/*! This file is auto-generated *\/\n!function(d,l){\"use strict\";l.querySelector&&d.addEventListener&&\"undefined\"!=typeof URL&&(d.wp=d.wp||{},d.wp.receiveEmbedMessage||(d.wp.receiveEmbedMessage=function(e){var t=e.data;if((t||t.secret||t.message||t.value)&&!\/[^a-zA-Z0-9]\/.test(t.secret)){for(var s,r,n,a=l.querySelectorAll('iframe[data-secret=\"'+t.secret+'\"]'),o=l.querySelectorAll('blockquote[data-secret=\"'+t.secret+'\"]'),c=new RegExp(\"^https?:$\",\"i\"),i=0;i<o.length;i++)o[i].style.display=\"none\";for(i=0;i<a.length;i++)s=a[i],e.source===s.contentWindow&&(s.removeAttribute(\"style\"),\"height\"===t.message?(1e3<(r=parseInt(t.value,10))?r=1e3:~~r<200&&(r=200),s.height=r):\"link\"===t.message&&(r=new URL(s.getAttribute(\"src\")),n=new URL(t.value),c.test(n.protocol))&&n.host===r.host&&l.activeElement===s&&(d.top.location.href=t.value))}},d.addEventListener(\"message\",d.wp.receiveEmbedMessage,!1),l.addEventListener(\"DOMContentLoaded\",function(){for(var e,t,s=l.querySelectorAll(\"iframe.wp-embedded-content\"),r=0;r<s.length;r++)(t=(e=s[r]).getAttribute(\"data-secret\"))||(t=Math.random().toString(36).substring(2,12),e.src+=\"#?secret=\"+t,e.setAttribute(\"data-secret\",t)),e.contentWindow.postMessage({message:\"ready\",secret:t},\"*\")},!1)))}(window,document);\n\/* ]]> *\/\n<\/script>","thumbnail_url":"https:\/\/economia.uanl.mx\/wp-content\/uploads\/2026\/09\/67889.jpeg","thumbnail_width":1280,"thumbnail_height":853,"description":"La Facultad de Econom\u00eda particip\u00f3 en los encuentros realizados en Madrid y Londres como parte de la estrategia de la UANL para fortalecer los v\u00ednculos con su comunidad de egresados alrededor del mundo. En representaci\u00f3n de la Facultad de Econom\u00eda, la Dra. Joana Chapa Cant\u00fa, directora de FAECO, y el Dr. Edgar Mauricio Luna Dom\u00ednguez, [&hellip;]"}

Facultad de Economía UANL

FAECO presente en la Red Global de Egresados UANL - Facultad de Economía UANL

<blockquote class="wp-embedded-content" data-secret="Wgd2tjiZQM"><a href="https://economia.uanl.mx/en/noticias/faecopresenteredglobalegresadosuanl/">FAECO presente en la Red Global de Egresados UANL</a></blockquote><iframe sandbox="allow-scripts" security="restricted" src="https://economia.uanl.mx/en/noticias/faecopresenteredglobalegresadosuanl/embed/#?secret=Wgd2tjiZQM" width="600" height="338" title="&#8220;FAECO presente en la Red Global de Egresados UANL&#8221; &#8212; Facultad de Economía UANL" data-secret="Wgd2tjiZQM" frameborder="0" marginwidth="0" marginheight="0" scrolling="no" class="wp-embedded-content"></iframe><script type="text/javascript">
/* <![CDATA[ */
/*! This file is auto-generated */
!function(d,l){"use strict";l.querySelector&&d.addEventListener&&"undefined"!=typeof URL&&(d.wp=d.wp||{},d.wp.receiveEmbedMessage||(d.wp.receiveEmbedMessage=function(e){var t=e.data;if((t||t.secret||t.message||t.value)&&!/[^a-zA-Z0-9]/.test(t.secret)){for(var s,r,n,a=l.querySelectorAll('iframe[data-secret="'+t.secret+'"]'),o=l.querySelectorAll('blockquote[data-secret="'+t.secret+'"]'),c=new RegExp("^https?:$","i"),i=0;i<o.length;i++)o[i].style.display="none";for(i=0;i<a.length;i++)s=a[i],e.source===s.contentWindow&&(s.removeAttribute("style"),"height"===t.message?(1e3<(r=parseInt(t.value,10))?r=1e3:~~r<200&&(r=200),s.height=r):"link"===t.message&&(r=new URL(s.getAttribute("src")),n=new URL(t.value),c.test(n.protocol))&&n.host===r.host&&l.activeElement===s&&(d.top.location.href=t.value))}},d.addEventListener("message",d.wp.receiveEmbedMessage,!1),l.addEventListener("DOMContentLoaded",function(){for(var e,t,s=l.querySelectorAll("iframe.wp-embedded-content"),r=0;r<s.length;r++)(t=(e=s[r]).getAttribute("data-secret"))||(t=Math.random().toString(36).substring(2,12),e.src+="#?secret="+t,e.setAttribute("data-secret",t)),e.contentWindow.postMessage({message:"ready",secret:t},"*")},!1)))}(window,document);
/* ]]> */
</script>

La Facultad de Economía participó en los encuentros realizados en Madrid y Londres como parte de la estrategia de la UANL para fortalecer los vínculos con su comunidad de egresados alrededor del mundo. En representación de la Facultad de Economía, la Dra. Joana Chapa Cantú, directora de FAECO, y el Dr. Edgar Mauricio Luna Domínguez, [&hellip;]
